Let d(u) = -u**3 + 5*u**2 + 9*u - 7. Suppose -4*x + 0*m + 18 = -3*m, 3*x = 3*m + 12. What is d(x)?
11
Suppose 0*c - 4*c + 32 = 5*j, 30 = 4*j + c. Let a be 36/24*j/(-3). Let z(v) = v**2 + 4*v - 5. Give z(a).
-5
Let z(k) = 3*k - 3. Let f be z(2). Suppose -f*a = 3*u - 9, -5*a + u + 21 = 4*u. Suppose 8 = -2*x + a*x. Let i(g) = -g**2 + 2*g + 1. Calculate i(x).
1
Suppose 42*z - 37*z + 40 = 0. Let g(p) = -p + 7. Give g(z).
15
Let p(a) = a**3 + 3*a**2 - a - 2. Let v be p(-3). Let h be 1*v/(1 + -2). Let j(z) = 107*z**2 - 1 + 0*z - 108*z**2 - z + 2*z**3. Give j(h).
-3
Let i(n) be the third derivative of -n**5/60 + n**4/4 - n**3 - n**2. Suppose 2*t - 4*d = -34, -3*d - d + 20 = 0. Let a be (-37)/t + 4/(-14). Calculate i(a).
-1
Let z(j) = -5*j**2 - 6*j + 14. Let q(s) = 2*s**2 + 2*s - 5. Let o(d) = 8*q(d) + 3*z(d). Let k be o(2). Let n(l) = -l**k + 0 - 5*l**2 - 1. Determine n(1).
-7
Let m(q) = 5 + 2 + 5*q - 4*q - 4. What is m(-6)?
-3
Let q = -11 + 14. Let u(x) = 45*x**3 - 46*x**q + 5*x + 6 - 4*x. Determine u(0).
6
Let u(k) = k + 5. Let i = -17 - -11. Determine u(i).
-1
Let a(d) be the third derivative of -d**5/60 + d**3/6 - 2*d**2. Let z = -2 - 0. Give a(z).
-3
Let n be 1*6*(-1)/3. Let g = n - 3. Let w(k) = -k - 2. Give w(g).
3
Let v(x) be the third derivative of x**6/360 + x**5/40 + x**4/24 + x**3/2 - 6*x**2. Let f(a) be the first derivative of v(a). Calculate f(-3).
1
Let k(o) = -5*o + 29. Let h(u) = 2*u - 10. Let y(p) = 8*h(p) + 3*k(p). Suppose 0 = -5*m - 8 - 17. Calculate y(m).
2
Let t(s) = 2*s**3 + 2*s**2 - 3*s - 2. Let q(j) = j**2 - 8*j + 5. Let h be q(7). Determine t(h).
-4
Let s(f) = -f**2 + 2*f + 2. Let x(a) = -a**2 + 3*a + 2. Let z be x(3). Suppose -2*q = -0*q + z. Let h be ((-5)/(-10))/(q/4). Determine s(h).
-6
Suppose -2*z + 44 = 5*i + 2*z, -z + 25 = 3*i. Suppose 4*t = -4*x + i, -x = -2*x + 3*t - 18. Let d(w) = -w**2 - 3*w + 1. Calculate d(x).
1
Let p(v) = 5*v - 7*v + v + 6. Determine p(6).
0
Let q(m) = m**3 + m - 3. Let p be (-3)/(-12)*0 - 0. Let a be q(p). Let v(z) = -z + 4. What is v(a)?
7
Let r(z) be the third derivative of 1/24*z**4 + 0 + 0*z + 1/2*z**3 - 4*z**2. Give r(-7).
-4
Let n(m) = -m + 3. Let x(a) = 8*a + 22. Let p be x(-4). Determine n(p).
13
Let o(n) be the first derivative of 2 - 4*n + 5*n - n**2 - 5. Give o(3).
-5
Suppose w - 6*w = 25. Suppose -2*n - n = 0. Let z(r) = 5*r - 4*r**2 + 3 + 2*r - r**3 + n*r**3. Calculate z(w).
-7
Let i be (-87)/(-27) + 8/(-36). Let h(f) = 2 - 2*f**2 - 4*f**2 - 2*f**2 + f + 7*f**i - 8*f**3. What is h(-8)?
-6
Let w = -21 + 33. Let s = w - 10. Let h(x) = -x**3 + 3*x**2 - 2*x + 2. Calculate h(s).
2
Let w(t) = -t**2 - 32*t**3 + 33*t**3 - 1 + 5*t**2 + t. Give w(-3).
5
Let c(t) = t**2 - t - 2. Let h be c(-2). Suppose 68 = -0*w + 4*w. Let s(i) = -2*i + w - 6 - 5. Calculate s(h).
-2
Let j be (-152)/36 - 4/(-18). Let m = -3 - j. Let i(a) = 10*a**3 + 2*a**2 - 1. Determine i(m).
11
Let f(r) be the first derivative of r**2/2 - 5*r - 4. What is f(5)?
0
Suppose 47*y - 32 = 43*y. Let d(g) = 2*g - 5. Calculate d(y).
11
Let s(b) = 0*b**2 + b - 1 - b**2 + b. Let h be (-2)/((20/(-6))/5). What is s(h)?
-4
Let s(h) = 6*h**3 + 9*h**2 + 8*h + 1. Let n(w) = w**3 + w**2 + w + 1. Let a(b) = -5*n(b) + s(b). Suppose r - 2 = 0, 2*r + 2*r - 23 = 5*p. Give a(p).
-4
Let r(t) be the second derivative of 2*t**4/3 + 5*t. Calculate r(-1).
8
Let y(r) be the second derivative of -1/2*r**2 + 0 - 2/3*r**3 + 2*r. Calculate y(-1).
3
Let n(b) be the first derivative of b**4/4 + 2*b**3/3 - b**2/2 + 9. Give n(-3).
-6
Let r(f) = -1 + 2 + 3 + 6*f + f**2. Give r(-5).
-1
Let y(l) = 3*l - 4. Let s(v) = -v**3 - 6*v**2 - 3*v + 2. Let t be s(-6). Suppose 4*i + 0 - t = 0. Determine y(i).
11
Suppose -3*b = b - 44. Let l(t) = -16*t**3 + 4*t**2 + 35*t - 36. Let p(y) = 3*y**3 - y**2 - 7*y + 7. Let q(s) = b*p(s) + 2*l(s). Give q(4).
-7
Let a(s) = 13*s + 6*s**2 - 3*s - s**3 - 5 + 3*s**2 + 0*s. Let f be a(10). Let m(c) be the third derivative of -c**5/60 - 5*c**4/24 + 5*c**3/6 - c**2. Give m(f).
5
Let d = -27 + 33. Let h(z) = -2*z + 5. Determine h(d).
-7
Let m(b) = -3*b + 3. Let p(q) = -q + 8. Let w be p(6). Give m(w).
-3
Let c(z) = -4*z**2 - 9*z - 4. Let s(w) = -3*w**2 - 8*w - 3. Let r be -2*10/8*-2. Let f(j) = r*s(j) - 4*c(j). Give f(2).
-3
Let b be ((-1)/(-1))/((-2)/8*2). Let s(n) = 4*n + 2. What is s(b)?
-6
Let p(l) = 3*l**2 - 11*l - 2. Let u(k) = 6*k + 1 + 0*k**2 - 2*k**2 + 3*k**2 - 2*k**2. Let j = -18 + 14. Let m(w) = j*p(w) - 7*u(w). What is m(-1)?
-6
Let h be 16/(-9) - 4/18. Let o(r) = 4*r**2 + r - 1. Let i(v) = -5*v**2 - v + 1. Let g(b) = -6*i(b) - 7*o(b). What is g(h)?
11
Let r(b) = 10*b. Suppose 5*w - 20 = w. Suppose 2*t = -q, w*q + 11 = -5*t - 4. Let k = 5 + q. Give r(k).
-10
Let h(f) = f**3 - 10*f**2 + 8*f + 12. Let t be h(9). Let l(u) = u**3 - 2*u**2 - 3*u + 4. Let v be l(t). Let s(y) = 3*y**2 + 2*y - 4*y**2 + 6 - 3. Give s(v).
-5
Let k be (1 - 0 - 0) + -1. Let b(d) = -d**2 - d - 2. Determine b(k).
-2
Let y be 0 - 4*-1 - 2. Let q(p) = -p - p - p - 5*p**y - p**3. Suppose -4*g - 5*r = 18, -3*g + 4*r + 4 = -g. What is q(g)?
-6
Let s(u) = -3*u + 4. Let l(h) = -h + 1 + 4 - 4. Let q(c) = 9*l(c) - 2*s(c). What is q(-2)?
7
Let l(i) = 3*i. Let x be -6 - -9 - (-1 + 4). Suppose -4*m + m - 3 = x. Calculate l(m).
-3
Let z(y) = y**3 + 6*y**2 - y - 1. Let q be z(-6). Let l(s) = s**2 - 5*s - 3. Calculate l(q).
-3
Let l(o) = o - 2. Suppose -3*b - 2*x = -2*b - 10, 28 = 5*b - x. Let u be (-2)/b - 21/(-9). What is l(u)?
0
Let g(s) = 4*s**2 - 9*s + 3. Let k(z) = -7*z**2 + 18*z - 7. Let t(x) = -5*g(x) - 3*k(x). Determine t(8).
-2
Let x(j) be the third derivative of -j**8/20160 + j**5/30 - 3*j**2. Let t(i) be the third derivative of x(i). What is t(-1)?
-1
Suppose -2*j + 10 = 2. Suppose -j*w = -w - 6. Let v(q) = -4 + 2 + w + 10*q. Give v(-1).
-10
Let g = 90 - 88. Let q(u) = 5*u + 1. What is q(g)?
11
Suppose 2*c - 5*h = -c - 2, 3*h - 36 = -4*c. Let k(u) = -3 + c - u + 0 - 1. Determine k(3).
-1
Let o be (-3 + 0)/(1 + -2). Suppose 4*l + 5 = -o. Let f be -4 - l*1 - -5. Let x(m) = m**3 - 4*m**2 + 4*m - 3. Determine x(f).
0
Let i(u) = -30*u - 7 - u**2 + 25*u + 1 + 0*u**2. Suppose g + 65 = 6*g. Let s = 8 - g. What is i(s)?
-6
Suppose -4*h + h = -12. Let d(b) = b**3 - 5*b**2 + 6*b - 3. Give d(h).
5
Let r(u) = 9*u**2 - 7*u - 6 + 6*u**2 - 11*u**2 + u**3. Determine r(-5).
4
Let x(l) = l - 7. Let f be 130/15 - (-2)/(-3). Give x(f).
1
Let m(i) be the second derivative of i**6/720 - i**5/120 - i**4/6 + i. Let c(a) be the third derivative of m(a). Determine c(4).
3
Let n(g) = -g**3 - 6*g**2 + 8. Suppose 7*z - 2*z = -30. What is n(z)?
8
Let j(a) be the third derivative of -a**7/2520 + a**6/360 + a**5/30 + a**4/12 - 2*a**2. Let t(s) be the second derivative of j(s). Determine t(4).
-4
Let p be (-6)/(-1)*1/2. Let b(u) = -u**2 + 0*u**2 - u - u**p - 3 - 2. Let w = 15 + -15. What is b(w)?
-5
Let o(x) = -2*x**3 + 4*x**2 - 3*x + 2. Let n be (2 + 0 - 2)/(-2). Suppose n*j = 3*j + 2*a - 12, 11 = -2*j + 5*a. What is o(j)?
-4
Let f be 2*-3*(1 - 0). Let q(l) be the third derivative of -l**4/24 - 4*l**3/3 - 19*l**2. Determine q(f).
-2
Let d(r) be the first derivative of r**3/3 + 7*r**2/2 - 12. Determine d(-3).
-12
Suppose -5*v + 30 = -0*v. Suppose -2*x = -v*x + 4. Let p(h) = 3*h + 1. What is p(x)?
4
Suppose 5*k + 5*j = 55, -3*j + 2 = -j. Suppose 5*q + 10 = -5*u - k, -q + 5*u + 20 = 0. Let r(i) = 1 + i**2 - 2*i**2 + q*i**2 + 3*i. What is r(4)?
-3
Let k = -122 + 87. Let p(g) = 7*g + 3. Let l(x) = 84*x + 35. Let y(b) = k*p(b) + 3*l(b). Determine y(-1).
-7
Let d be 38/10 + (-1)/(-5). Suppose 0 = 2*k - 4*k, -d*i - 5*k - 20 = 0. Let n = i - -8. Let t(b) = -b - 4. Determine t(n).
-7
Let c(u) = u**3 - 2*u**2 + 2*u. Let g be c(2). Let y(f) = -f**2 + f + 1. Give y(g).
-11
Let j(u) = u**2 + 6*u + 1. Let h be j(-4). Let w(s) = -s**2 - 8*s + 1. Calculate w(h).
8
Let k(y) = -y**3 - y. Let i(t) = -2*t - 7. Let r be i(-5). Suppose 10 = r*o + 6*l - l, -6 = 2*o - 3*l. Give k(o).
0
Let x = 4 + 0. Suppose -10 = 6*g - x*g. Let n(u) be the third derivative of -u**4/12 - 7*u**3/6 + u**2. Determine n(g).
3
Let w(h) = 2*h - 3. Let n = -17 - -19. Give w(n).
1
Let p be 2 - 1/(-2)*-2. Let y = p + 1. Let d(f) = -y + 0 + 3 + 5*f. What is d(1)?
6
Let h be (2/3)/(94/30 + -3). Let b(o) = 3 - o - o + 6*o - o**2. Give b(h).
-2
